he tens digit of f(h)?
9
Suppose -8279 = -100*n + 83*n. What is the units digit of n?
7
Let l be 1470/175*(0 - (-40)/(-3)). What is the hundreds digit of (-324)/(-36)*(-1 - l)?
9
Suppose 5*h + 3*m = 156, 6*m - 6 = 3*m. Let b = h + 158. What is the hundreds digit of b?
1
Let y(a) = 8*a + 67. Let p be y(-8). Suppose g - 1996 = -p*i, 3*i + 5*g = 5*i - 1325. What is the hundreds digit of i?
6
Let p(v) = 6*v - 5. Let b(d) = 26*d - 20. Let n(f) = -2*b(f) + 9*p(f). Let x(z) = -6*z + 1. Let r be x(-2). What is the units digit of n(r)?
1
Let d(h) = h**3 + 42*h**2 + 20*h - 29. What is the thousands digit of d(-12)?
4
Let a(f) = 975*f + 107. What is the thousands digit of a(1)?
1
What is the tens digit of 554 - 550 - (-150894)/(3 - 0)?
0
Let v be (-203398)/16 - 6/(-16)*1. What is the units digit of (1 - -2)/(6 + v/2120)?
5
Let r(a) = -a**2 - a + 39. Suppose 22*q - 20*q = 18. Suppose 0 = 9*h + 63 - q. What is the units digit of r(h)?
9
What is the hundreds digit of (-1*6051 - 0)/(68/16 - 5)?
0
Let w(d) = -591*d - 5292. Let n be w(-9). Let l(u) = -3 + u**3 + 34*u - 21*u**2 - 7*u**2 - 1. What is the tens digit of l(n)?
8
Let t(j) = -67*j - 1. Let v(a) be the first derivative of a**3/3 - 2*a**2 - a - 18. Let o be v(0). What is the tens digit of t(o)?
6
Let r be (35472/40 - (-3)/15)/(-1). Let i = 1352 + r. What is the hundreds digit of i?
4
Suppose -6 = 3*m + 3*m. What is the tens digit of m + 0 + 560/5?
1
Let g be (-1*31)/(-14 + 13). Suppose 0 = -24*i + g*i - 1204. What is the hundreds digit of i?
1
Let h be (-20)/(-130) + -14533*2/(-13). Suppose -13*v + h = -3341. What is the hundreds digit of v?
4
Suppose -5*u = -18 + 3, s = 5*u - 172. Let o = 563 - 276. Let c = s + o. What is the hundreds digit of c?
1
Let v(r) = -r**2 + 40*r + 384. Let c be v(48). Let w = 13 + -3. Suppose c = -8*q + w*q - 36. What is the units digit of q?
8
Let p(s) = 2*s**2 - 53*s - 903. What is the units digit of p(-54)?
1
Suppose w - 1388 = -2*h + 235, -5*w - 3225 = -4*h. What is the hundreds digit of h?
8
Suppose -o + 2*l - 3 = 0, -3*o + 14 = o + 5*l. Let k be (8 + -7)*((-6)/o - -1). What is the units digit of (1079/5 - k) + 2/10?
1
Let z(s) = -s**2 - 13*s - 25. Let c be (-8)/(-6)*30/(-8)*2. Let f be z(c). Let k = 10 - f. What is the units digit of k?
5
Suppose 10 = -5*n, -31 = -5*x + 8*n - 10*n. Let o(t) = 44*t + 225. What is the tens digit of o(x)?
3
Suppose 12 = -4*q, 4*o + 4*q - 22 = 2*q. Suppose -5*v = -o*v + 4. Suppose -v*x + 1560 = 6*x. What is the tens digit of x?
9
What is the hundreds digit of (-4092375)/(-147) - 8/28?
8
What is the hundreds digit of (-6)/24 - 2545755/(-188)?
5
Suppose y - 4*m - 809 = 0, y - 67 - 737 = 5*m. What is the units digit of y?
9
Let d(f) = -f**2 - 2*f + 2. Let j be d(-2). Let c be (-9)/((-9)/296)*(-5)/(-10). Suppose c + 0 = j*r. What is the units digit of r?
4
Suppose -2469150 = 759*h - 790*h. What is the tens digit of h?
5
Let j(g) = -3*g**3 - 22*g**2 + 5*g + 5. Let f(w) = -5*w**3 - 22*w**2 + 4*w + 6. Let u(p) = 3*f(p) - 2*j(p). What is the tens digit of u(-4)?
2
Let g be ((-2 + 1)*4)/(32/1456). Let y = 443 - g. What is the units digit of y?
5
Let a = 44231 - 26359. What is the tens digit of a?
7
Suppose -2*n + 27*b + 65422 = 32*b, 16 = 4*b. What is the tens digit of n?
0
Suppose -9074 = -5*c + 5526. Suppose c - 735 = 5*g. What is the tens digit of g?
3
Let r = -28 + 100. Suppose 9150 = r*w - 57*w. What is the units digit of w?
0
Let m be (404/(-6))/(6/(-9)). Let p = m + -103. What is the units digit of (-29*1)/(p + 18/12)?
8
Let n(v) = -645*v**3 + v**2 + 4*v + 4. Let y be n(-1). Suppose 88 = -2*o + y. What is the tens digit of o?
7
Let s(z) = z + 9. Suppose -5*m = -3*m + 4*h - 40, 61 = 5*m - 3*h. Let n = 3 + m. What is the tens digit of s(n)?
2
Let v be (1 - -1) + 1*(1 + -1). Suppose 0 = 2*b + 5*y - 2*y - 1263, 4*b + v*y - 2546 = 0. What is the tens digit of b?
3
Let z be -4 - ((-602)/7)/1. Suppose c - 4*t - z = 0, 0 = 2*c - 5*t - 43 - 133. What is the units digit of c?
8
Let h be (-4)/8 - (-1)/((-4)/(-878)). Let d = -110 + h. What is the units digit of d?
9
Let x = 56 - 53. Suppose -4*a + 4*j + 138 + 34 = 0, 0 = -j - x. Suppose -i + 2*o = -62, i + o + a = 99. What is the tens digit of i?
6
Let b(o) = o**3 + 7*o**2 - 3*o - 21. Let m be b(-7). Suppose -s = 3*k - 65, 2*s - 4*k + 70 - 250 = m. What is the tens digit of s?
8
Let r = 19473 - -6627. What is the tens digit of r?
0
Let m = 1757 + -2624. Let n = m + 1799. What is the hundreds digit of n?
9
Let o(b) = 5*b**2 + 4*b - 6. Let w be o(3). What is the tens digit of (w/34)/((3/772)/1)?
8
Suppose 2*q + 3*d = -10 - 3, -14 = q + 4*d. Let y be q/(-3)*45/30. What is the tens digit of 1 + 0 - (-73)/y?
7
What is the hundreds digit of 28*(-10)/4*2745/(-366)?
5
Let d(a) = 2*a**3 + 15*a**2 + 7*a + 1. Suppose 26*v = 22*v - 24. Let z be d(v). Let u = -62 + z. What is the units digit of u?
5
Suppose -4*b + 36744 = 2*p, -27*p - 18379 = -28*p - b. What is the thousands digit of p?
8
Suppose 0 = 4*l + 5*f - 117819, 30*l - 4*f + 29474 = 31*l. What is the units digit of l?
6
Let k(w) = -59*w - 354. What is the thousands digit of k(-52)?
2
What is the hundreds digit of 71*(-1 + 313)/4?
5
Let b(g) be the first derivative of -8*g**3/3 - 10*g**2 + 4*g - 6. Let w be b(-7). Let q = w - -363. What is the units digit of q?
5
Let d(w) = -w**2 + 6. Let t be d(19). Let n = t - -580. What is the tens digit of n?
2
What is the ten thousands digit of 14/819*9 + ((-1075590)/(-26) - 4)?
4
Let r = 73727 - -22829. What is the tens digit of r?
5
Let h = 31 - 17. Let v(c) be the second derivative of c**5/20 - 5*c**4/4 + 29*c**3/6 - 19*c**2/2 + 17*c. What is the units digit of v(h)?
1
Let x = -2217 + 26519. What is the tens digit of x?
0
Suppose 0 = 2*u + 16, -25*x = -27*x - 8*u + 144718. What is the hundreds digit of x?
3
Suppose 6*d = 11*d + 3*c - 66010, c = -2*d + 26403. What is the units digit of d?
9
Suppose -2*m = -3*m + 58. Let t be 3 + m - 4 - 1. Let l = t + 2. What is the units digit of l?
8
Let y(x) = x + 86. Let i be 36/8*(-4)/(-3). Suppose -i*u = -0*u. What is the tens digit of y(u)?
8
Let i(v) = 3*v**3 + 18*v**2 + 69*v + 145. What is the ten thousands digit of i(20)?
3
Let k be (-72)/(-24)*20/(-3). What is the units digit of k/1*(-232)/20 + 3?
5
Suppose 48*z - 50*z + 2*h = -23380, 0 = 4*z + 5*h - 46778. What is the hundreds digit of z?
6
What is the tens digit of 20*((-210580)/(-600) - (-2)/(-12))?
1
Let o(d) = -9*d - 2. Let j be o(-14). Let f = j + -37. Let y = f - 15. What is the tens digit of y?
7
Let f(k) = 3*k + 14 + 12*k + 6*k - 8*k**2 + 10*k**2. Let x be f(-14). Let t = x + -5. What is the units digit of t?
7
Suppose 2*w - 54*t + 49*t - 11691 = 0, t = 5. What is the units digit of w?
8
Let b = 30 - 20. Let w(y) = 3 - y - y**3 - 8*y - b*y**2 + 4*y - 5*y**2. What is the tens digit of w(-15)?
7
Let u(y) = -128*y**3 - y**2 + 1. Suppose 66 = -v + 65. What is the hundreds digit of u(v)?
1
Let a = 35 + 257. Let k = -140 + a. What is the tens digit of k?
5
Let r = -215 + 213. Let u = 6 - 9. What is the units digit of 428/6 + r/u?
2
Let r = -36 + 76. Suppose -524 + r = -4*d. Suppose 0 = 5*p - 3*k - 121, 5*p + 3 - d = 4*k. What is the units digit of p?
6
Let b be (-42)/(-7) + ((-12)/(-3))/(-2). Suppose -4*k = 2*n - 220, n + b*k = 56 + 64. What is the tens digit of n?
0
Let c(k) = -7*k**2 + 6*k - 5. Let m(j) = 7*j**2 - 6*j + 4. Let t(i) = -2*c(i) - 3*m(i). Let a be t(2). What is the units digit of 66/(-44)*(a + 0)?
7
Suppose -5*k - 2*c - 400 = 0, 5*c + 288 = -3*k + 48. Let b = -49 - k. Suppose -6*g + b + 59 = 0. What is the tens digit of g?
1
Suppose 3*a = -5*t + 15, a - 6*a = t - 3. Suppose -2450 = -5*c - 0*c - 5*i, -t*i = 6. What is the units digit of c?
2
Let b(t) = -t**3 - 13*t**2 - 22*t - 6. Let f be b(-11). What is the units digit of f/(-3)*(-875)/(-5)?
0
Let j(c) = c**3 + 5*c**2 - 35*c - 12. Suppose 8*x - 9*x - 8 = 0. What is the units digit of j(x)?
6
Let f be 2/(-30)*3 + (-52)/(-10). Suppose -f*u - 5*z + 7965 = 0, -u = -5*u - z + 6384. What is the tens digit of u?
9
Let d = -52 - -58. Let c(f) = -f**3 + 0*f**3 + 299*f**2 - 308*f**2 + 14 - d*f. What is the units digit of c(-9)?
8
Let g(u) = -5*u - 31. Let b be 0/(-1) - (87 + -5). Let q = 73 + b. What is the units digit of g(q)?
4
Let i be (((-35)/(-20))/(-7))/((